culate the remainder when 154 is divided by 113.
41
Calculate the remainder when 444 is divided by 24.
12
What is the remainder when 1471 is divided by 14?
1
What is the remainder when 910 is divided by 43?
7
Calculate the remainder when 218 is divided by 47.
30
What is the remainder when 424 is divided by 31?
21
Calculate the remainder when 1364 is divided by 24.
20
What is the remainder when 57 is divided by 53?
4
What is the remainder when 1425 is divided by 192?
81
What is the remainder when 2348 is divided by 775?
23
What is the remainder when 162 is divided by 125?
37
What is the remainder when 461 is divided by 31?
27
Calculate the remainder when 209 is divided by 208.
1
What is the remainder when 200 is divided by 101?
99
Calculate the remainder when 214 is divided by 57.
43
Calculate the remainder when 163 is divided by 80.
3
Calculate the remainder when 71 is divided by 35.
1
Calculate the remainder when 100 is divided by 36.
28
What is the remainder when 844 is divided by 122?
112
Calculate the remainder when 561 is divided by 91.
15
Calculate the remainder when 2678 is divided by 891.
5
What is the remainder when 373 is divided by 16?
5
Calculate the remainder when 140 is divided by 18.
14
Calculate the remainder when 664 is divided by 149.
68
What is the remainder when 7810 is divided by 69?
13
Calculate the remainder when 20393 is divided by 17.
10
Calculate the remainder when 635 is divided by 130.
115
Calculate the remainder when 61 is divided by 26.
9
Calculate the remainder when 77 is divided by 22.
11
Calculate the remainder when 166 is divided by 147.
19
What is the remainder when 43 is divided by 16?
11
What is the remainder when 652 is divided by 4?
0
What is the remainder when 209 is divided by 69?
2
What is the remainder when 641 is divided by 86?
39
Calculate the remainder when 267 is divided by 70.
57
Calculate the remainder when 57 is divided by 2.
1
What is the remainder when 47 is divided by 27?
20
What is the remainder when 54 is divided by 3?
0
What is the remainder when 4817 is divided by 79?
77
Calculate the remainder when 859 is divided by 132.
67
Calculate the remainder when 2337 is divided by 30.
27
What is the remainder when 8160 is divided by 22?
20
Calculate the remainder when 293 is divided by 8.
5
What is the remainder when 300 is divided by 45?
30
Calculate the remainder when 11219 is divided by 220.
219
Calculate the remainder when 82 is divided by 19.
6
What is the remainder when 1150 is divided by 141?
22
Calculate the remainder when 1824 is divided by 35.
4
Calculate the remainder when 191 is divided by 71.
49
What is the remainder when 62 is divided by 21?
20
What is the remainder when 641 is divided by 50?
41
What is the remainder when 418 is divided by 10?
8
Calculate the remainder when 1113 is divided by 93.
90
What is the remainder when 39 is divided by 14?
11
What is the remainder when 441 is divided by 12?
9
What is the remainder when 613 is divided by 28?
25
What is the remainder when 334 is divided by 14?
12
What is the remainder when 9916 is divided by 9?
7
Calculate the remainder when 1489 is divided by 135.
4
What is the remainder when 1951 is divided by 115?
111
What is the remainder when 155 is divided by 56?
43
Calculate the remainder when 357 is divided by 179.
178
What is the remainder when 111 is divided by 58?
53
Calculate the remainder when 1616 is divided by 90.
86
Calculate the remainder when 2384 is divided by 53.
52
What is the remainder when 525 is divided by 31?
29
What is the remainder when 489 is divided by 20?
9
What is the remainder when 946 is divided by 56?
50
Calculate the remainder when 20252 is divided by 41.
39
Calculate the remainder when 109 is divided by 71.
38
What is the remainder when 266 is divided by 185?
81
Calculate the remainder when 154 is divided by 53.
48
Calculate the remainder when 316 is divided by 166.
150
Calculate the remainder when 2863 is divided by 15.
13
What is the remainder when 256 is divided by 85?
1
What is the remainder when 382 is divided by 191?
0
What is the remainder when 157 is divided by 101?
56
What is the remainder when 1473 is divided by 74?
67
What is the remainder when 89 is divided by 18?
17
Calculate the remainder when 340 is divided by 40.
20
Calculate the remainder when 89 is divided by 18.
17
What is the remainder when 1099 is divided by 513?
73
What is the remainder when 3474 is divided by 1155?
9
What is the remainder when 480 is divided by 23?
20
Calculate the remainder when 2923 is divided by 133.
130
What is the remainder when 973 is divided by 964?
9
What is the remainder when 416 is divided by 87?
68
What is the remainder when 1105 is divided by 1102?
3
Calculate the remainder when 3687 is divided by 15.
12
What is the remainder when 142 is divided by 37?
31
What is the remainder when 650 is divided by 132?
122
Calculate the remainder when 1018 is divided by 32.
26
Calculate the remainder when 108 is divided by 10.
8
What is the remainder when 1608 is divided by 534?
6
What is the remainder when 125 is divided by 46?
33
Calculate the remainder when 223 is divided by 49.
27
What is the remainder when 186 is divided by 33?
21
Calculate the remainder when 110 is divided by 25.
10
What is the remainder when 209 is divided by 42?
41
Calculate the remainder when 231 is divided by 52.
23
Calculate the remainder when 150 is divided by 18.
6
Calculate the remainder when 147 is divided by 22.
15
What is the remainder when 26 is divided by 12?
2
Calculate the remainder when 213 is divided by 84.
45
What is the remainder when 338 is divided by 88?
74
What is the remainder when 174 is divided by 83?
8
Calculate the remainder when 500 is divided by 21.
17
What is the remainder when 163 is divided by 15?
13
Calculate the remainder when 53 is divided by 8.
5
Calculate the remainder when 261 is divided by 88.
85
What is the remainder when 81 is divided by 17?
13
Calculate the remainder when 4303 is divided by 21.
19
Calculate the remainder when 115 is divided by 113.
2
Calculate the remainder when 133 is divided by 18.
7
What is the remainder when 64 is divided by 17?
13
What is the remainder when 241 is divided by 96?
49
What is the remainder when 19118 is divided by 16?
14
What is the remainder when 70 is divided by 31?
8
Calculate the remainder when 2970 is divided by 496.
490
Calculate the remainder when 20 is divided by 8.
4
What is the remainder when 1133 is divided by 565?
3
Calculate the remainder when 3877 is divided by 7.
6
Calculate the remainder when 445 is divided by 14.
11
Calculate the remainder when 490 is divided by 136.
82
What is the remainder when 3171 is divided by 69?
66
What is the remainder when 488 is divided by 80?
8
Calculate the remainder when 114 is divided by 39.
36
Calculate the remainder when 1679 is divided by 30.
29
Calculate the remainder when 789 is divided by 30.
9
Calculate the remainder when 262 is divided by 66.
64
Calculate the remainder when 1955 is divided by 28.
23
What is the remainder when 1935 is divided by 81?
72
Calculate the remainder when 1135 is divided by 243.
163
What is the remainder when 651 is divided by 22?
13
What is the remainder when 1411 is divided by 175?
11
What is the remainder when 214 is divided by 72?
70
Calculate the remainder when 31 is divided by 8.
7
Calculate the remainder when 7611 is divided by 112.
107
What is the remainder when 82 is divided by 47?
35
What is the remainder when 111 is divided by 101?
10
What is the remainder when 123 is divided by 43?
37
Calculate the remainder when 231 is divided by 221.
10
Calculate the remainder when 501 is divided by 73.
63
What is the remainder when 1510 is divided by 497?
19
Calculate the remainder when 294 is divided by 144.
6
What is the remainder when 2033 is divided by 51?
44
What is the remainder when 73 is divided by 11?
7
Calculate the remainder when 186 is divided by 22.
10
What is the remainder when 48 is divided by 48?
0
Calculate the remainder when 195 is divided by 68.
59
Calculate the remainder when 8815 is divided by 35.
30
Calculate the remainder when 23 is divided by 2.
1
Calculate the remainder when 214 is divided by 56.
46
What is the remainder when 39 is divided by 11?
6
What is the remain